d by 173110.
2535
Calculate the remainder when 1048461 is divided by 6.
3
What is the remainder when 5295984 is divided by 661982?
128
What is the remainder when 118007 is divided by 150?
107
Calculate the remainder when 398572 is divided by 12851.
191
What is the remainder when 28854374 is divided by 375?
374
Calculate the remainder when 82900842 is divided by 1643.
1634
What is the remainder when 47851154 is divided by 345?
344
What is the remainder when 15358670 is divided by 271?
16
What is the remainder when 375702 is divided by 2646?
2616
Calculate the remainder when 9165835 is divided by 1904.
1883
What is the remainder when 2200234 is divided by 3761?
49
What is the remainder when 39803832 is divided by 2686?
2684
Calculate the remainder when 5585458 is divided by 325.
8
What is the remainder when 2702211 is divided by 1351089?
33
What is the remainder when 701690 is divided by 256?
250
What is the remainder when 11306129 is divided by 10?
9
What is the remainder when 14811640 is divided by 1275?
1240
Calculate the remainder when 73518 is divided by 2827.
16
Calculate the remainder when 292559 is divided by 2863.
533
What is the remainder when 81544 is divided by 1359?
4
What is the remainder when 63258161 is divided by 112559?
3
What is the remainder when 231961862 is divided by 677?
675
What is the remainder when 108838 is divided by 189?
163
Calculate the remainder when 24444861 is divided by 8902.
8871
Calculate the remainder when 291979 is divided by 22459.
12
What is the remainder when 109996549 is divided by 222?
211
Calculate the remainder when 56670591 is divided by 30.
21
Calculate the remainder when 35090 is divided by 4287.
794
What is the remainder when 814401054 is divided by 14?
12
Calculate the remainder when 36041 is divided by 3532.
721
Calculate the remainder when 32881 is divided by 208.
17
Calculate the remainder when 62464074 is divided by 84.
78
Calculate the remainder when 240448 is divided by 12002.
408
What is the remainder when 405291 is divided by 66?
51
Calculate the remainder when 5402030 is divided by 5402004.
26
Calculate the remainder when 2805504 is divided by 727.
11
Calculate the remainder when 2537092 is divided by 1444.
1428
What is the remainder when 31473431 is divided by 4248?
4247
What is the remainder when 586055 is divided by 58588?
175
Calculate the remainder when 5486648 is divided by 19.
18
Calculate the remainder when 215894410 is divided by 762.
760
Calculate the remainder when 44932966 is divided by 113.
98
Calculate the remainder when 490555830 is divided by 3162.
3150
What is the remainder when 4623218 is divided by 20?
18
Calculate the remainder when 34885928 is divided by 4926.
4922
Calculate the remainder when 82275217 is divided by 6.
1
What is the remainder when 2673 is divided by 426?
117
Calculate the remainder when 1737513 is divided by 66825.
63
What is the remainder when 1948112 is divided by 487010?
72
Calculate the remainder when 580695 is divided by 975.
570
Calculate the remainder when 21237 is divided by 9280.
2677
What is the remainder when 4311618 is divided by 263?
259
Calculate the remainder when 45034377 is divided by 9.
6
Calculate the remainder when 207266 is divided by 205644.
1622
What is the remainder when 3002375 is divided by 1511?
18
Calculate the remainder when 268723 is divided by 833.
497
Calculate the remainder when 1731797 is divided by 8.
5
What is the remainder when 25338 is divided by 6?
0
What is the remainder when 133882 is divided by 656?
58
Calculate the remainder when 18894472 is divided by 1131.
1117
What is the remainder when 2843121 is divided by 2177?
2136
Calculate the remainder when 560933 is divided by 11447.
30
Calculate the remainder when 3156572 is divided by 2165.
2
What is the remainder when 492185 is divided by 1493?
988
Calculate the remainder when 2045207 is divided by 2409.
2375
What is the remainder when 3280208 is divided by 600?
8
Calculate the remainder when 232 is divided by 71.
19
What is the remainder when 1392935 is divided by 231962?
1163
Calculate the remainder when 710759 is divided by 354518.
1723
What is the remainder when 253676 is divided by 4434?
938
Calculate the remainder when 146350 is divided by 14630.
50
What is the remainder when 61154 is divided by 3819?
50
What is the remainder when 434627 is divided by 499?
497
Calculate the remainder when 2417733 is divided by 11.
10
What is the remainder when 2407413 is divided by 401235?
3
Calculate the remainder when 2218946 is divided by 278.
228
What is the remainder when 342333 is divided by 675?
108
Calculate the remainder when 83766003 is divided by 27922000.
3
What is the remainder when 131544 is divided by 25640?
3344
What is the remainder when 123969 is divided by 123895?
74
What is the remainder when 336785 is divided by 553?
8
Calculate the remainder when 33643 is divided by 2215.
418
Calculate the remainder when 159840 is divided by 79913.
14
What is the remainder when 387164 is divided by 1489?
24
What is the remainder when 4485597 is divided by 42?
39
What is the remainder when 89687 is divided by 881?
706
Calculate the remainder when 807271 is divided by 49.
45
What is the remainder when 188768 is divided by 188729?
39
Calculate the remainder when 1325345 is divided by 66267.
5
Calculate the remainder when 1727640 is divided by 46.
18
What is the remainder when 25124265 is divided by 58839?
12
What is the remainder when 719499 is divided by 81?
57
Calculate the remainder when 827749527 is divided by 2826.
2823
What is the remainder when 3702390 is divided by 2611?
2603
Calculate the remainder when 39235295 is divided by 19617612.
71
What is the remainder when 426610 is divided by 106650?
10
Calculate the remainder when 11284957 is divided by 1814.
63
Calculate the remainder when 736365 is divided by 1075.
1065
What is the remainder when 9066418 is divided by 10871?
4
Calculate the remainder when 14834902 is divided by 147.
103
What is the remainder when 9170537 is divided by 3115?
3092
What is the remainder when 1265498 is divided by 25825?
73
Calculate the remainder when 6717475 is divided by 1154.
41
What is the remainder when 9459963 is divided by 355?
278
What is the remainder when 318417 is divided by 45455?
232
Calculate the remainder when 10467903 is divided by 2015.
1993
What is the remainder when 269081 is divided by 271?
249
What is the remainder when 120737 is divided by 24058?
447
What is the remainder when 4175979 is divided by 2902?
1
What is the remainder when 294444 is divided by 3547?
43
Calculate the remainder when 2468641 is divided by 313.
10
Calculate the remainder when 1084031 is divided by 290.
11
What is the remainder when 137594 is divided by 2856?
506
Calculate the remainder when 11707463 is divided by 101804.
3
Calculate the remainder when 10438 is divided by 1301.
30
What is the remainder when 804262885 is divided by 338?
335
Calculate the remainder when 313209 is divided by 313138.
71
Calculate the remainder when 158734 is divided by 951.
868
Calculate the remainder when 885637232 is divided by 35.
32
Calculate the remainder when 81336138 is divided by 40668069.
0
What is the remainder when 759812 is divided by 3245?
482
Calculate the remainder when 832617 is divided by 60.
57
Calculate the remainder when 71803 is divided by 3587.
63
What is the remainder when 69512534 is divided by 5921?
5915
Calculate the remainder when 993911 is divided by 206.
167
Calculate the remainder when 169640 is divided by 56327.
659
What is the remainder when 10880582 is divided by 126517?
120
What is the remainder when 4582636 is divided by 169727?
7
Calculate the remainder when 437634 is divided by 7844.
6214
Calculate the remainder when 22061 is divided by 1371.
125
Calculate the remainder when 76623667 is divided by 737.
725
What is the remainder when 228144 is divided by 3355?
4
What is the remainder when 3850357 is divided by 96?
85
What is the remainder when 4230839 is divided by 3943?
0
Calculate the remainder when 76011504 is divided by 37.
36
Calculate the remainder when 23611469 is divided by 5902864.
13
What is the remainder when 711078 is divided by 257?
216
What is the remainder when 1113232 is divided by 7897?
7652
What is the